st common factor of 186 and 54?
6
Calculate the highest common divisor of 338 and 156.
26
Calculate the highest common factor of 91 and 35.
7
Calculate the greatest common divisor of 15 and 5935.
5
What is the highest common factor of 172 and 1677?
43
Calculate the highest common factor of 456 and 342.
114
Calculate the greatest common factor of 26 and 16406.
26
What is the highest common divisor of 504 and 16?
8
Calculate the greatest common factor of 402 and 8643.
201
What is the greatest common factor of 825 and 33?
33
Calculate the highest common divisor of 71 and 497.
71
Calculate the greatest common factor of 870 and 510.
30
What is the highest common divisor of 119 and 63?
7
Calculate the highest common factor of 833 and 425.
17
What is the greatest common factor of 171 and 36?
9
What is the highest common factor of 495 and 45?
45
What is the greatest common divisor of 56 and 42?
14
What is the highest common factor of 2 and 14?
2
Calculate the greatest common divisor of 2696 and 96.
8
Calculate the greatest common divisor of 20 and 12.
4
Calculate the highest common divisor of 836 and 532.
76
Calculate the greatest common factor of 768 and 18.
6
Calculate the greatest common factor of 72 and 1773.
9
Calculate the greatest common factor of 5410 and 10.
10
Calculate the greatest common divisor of 177 and 295.
59
What is the highest common divisor of 14 and 378?
14
Calculate the highest common factor of 290 and 10.
10
Calculate the greatest common divisor of 162 and 186.
6
What is the greatest common divisor of 128 and 16?
16
What is the greatest common factor of 16 and 15016?
8
Calculate the highest common factor of 16 and 8144.
16
What is the greatest common divisor of 187 and 1513?
17
What is the highest common divisor of 726 and 605?
121
What is the highest common divisor of 230 and 10?
10
What is the highest common factor of 18 and 117?
9
What is the highest common factor of 42845 and 55?
55
Calculate the highest common factor of 1 and 16.
1
Calculate the highest common factor of 47 and 1222.
47
What is the highest common factor of 504 and 357?
21
Calculate the highest common divisor of 315 and 225.
45
Calculate the highest common factor of 196 and 245.
49
Calculate the highest common factor of 384 and 732.
12
What is the greatest common divisor of 111 and 16909?
37
What is the greatest common factor of 11 and 15?
1
Calculate the greatest common factor of 42 and 2254.
14
Calculate the highest common divisor of 76 and 532.
76
What is the highest common divisor of 117 and 897?
39
What is the highest common divisor of 986 and 290?
58
What is the greatest common factor of 2176 and 3944?
136
What is the greatest common divisor of 121 and 109747?
121
Calculate the highest common divisor of 64 and 9472.
64
Calculate the highest common divisor of 76 and 190.
38
What is the greatest common factor of 30 and 500?
10
Calculate the highest common divisor of 55 and 110.
55
What is the greatest common factor of 275 and 385?
55
What is the greatest common divisor of 100 and 550?
50
Calculate the greatest common divisor of 32 and 2144.
32
Calculate the greatest common divisor of 1349 and 247.
19
What is the greatest common divisor of 784 and 35?
7
What is the greatest common factor of 1728 and 108?
108
Calculate the highest common factor of 50 and 2.
2
What is the highest common factor of 231 and 308?
77
Calculate the greatest common divisor of 36 and 228.
12
Calculate the greatest common divisor of 64 and 32.
32
Calculate the greatest common divisor of 1025 and 5945.
205
What is the highest common factor of 713 and 2108?
31
What is the greatest common factor of 6612 and 76?
76
What is the greatest common factor of 360 and 7425?
45
Calculate the greatest common factor of 324 and 2844.
36
Calculate the highest common factor of 130 and 20.
10
Calculate the greatest common factor of 1541 and 23.
23
Calculate the greatest common factor of 45 and 3285.
45
Calculate the greatest common factor of 152 and 266.
38
Calculate the highest common factor of 111 and 9.
3
Calculate the highest common divisor of 52 and 4.
4
What is the highest common divisor of 105 and 4445?
35
Calculate the greatest common divisor of 729 and 3.
3
Calculate the greatest common divisor of 26599 and 67.
67
What is the highest common factor of 60 and 156?
12
What is the highest common divisor of 8602 and 23?
23
Calculate the highest common factor of 248 and 56296.
248
What is the greatest common divisor of 320 and 20?
20
Calculate the highest common factor of 52 and 4901.
13
Calculate the highest common divisor of 26 and 559.
13
Calculate the highest common divisor of 54 and 1566.
54
Calculate the greatest common divisor of 16 and 12.
4
What is the greatest common divisor of 148 and 164?
4
What is the greatest common factor of 87 and 12?
3
Calculate the greatest common divisor of 238 and 6272.
14
What is the highest common divisor of 64 and 1184?
32
Calculate the greatest common divisor of 150 and 12.
6
What is the greatest common factor of 228 and 570?
114
What is the highest common divisor of 190 and 304?
38
Calculate the greatest common divisor of 92 and 253.
23
What is the highest common factor of 11 and 1903?
11
What is the highest common divisor of 2922 and 6?
6
Calculate the highest common factor of 3 and 65.
1
Calculate the greatest common divisor of 6 and 228.
6
Calculate the highest common factor of 1904 and 80.
16
What is the greatest common divisor of 5 and 355?
5
What is the highest common factor of 3450 and 138?
138
Calculate the greatest common divisor of 1287 and 99.
99
Calculate the greatest common factor of 10 and 430.
10
Calculate the greatest common factor of 70 and 10710.
70
Calculate the highest common divisor of 120 and 100.
20
What is the greatest common factor of 2392 and 78?
26
Calculate the highest common divisor of 5544 and 6.
6
What is the highest common factor of 2479 and 67?
67
What is the greatest common factor of 170 and 110?
10
Calculate the highest common divisor of 4656 and 48.
48
Calculate the highest common factor of 20 and 250.
10
Calculate the greatest common factor of 1323 and 945.
189
What is the highest common divisor of 128050 and 197?
197
What is the greatest common factor of 3233 and 1647?
61
Calculate the greatest common divisor of 22 and 891.
11
What is the highest common divisor of 123 and 10496?
41
Calculate the greatest common divisor of 54 and 582.
6
Calculate the highest common divisor of 315 and 15.
15
Calculate the highest common divisor of 28 and 406.
14
What is the highest common divisor of 27 and 10989?
27
What is the greatest common divisor of 5056 and 395?
79
What is the greatest common divisor of 3196 and 68?
68
What is the highest common factor of 256 and 672?
32
What is the highest common divisor of 5405 and 345?
115
Calculate the highest common divisor of 18 and 86.
2
What is the highest common factor of 261 and 711?
9
What is the highest common factor of 335 and 67?
67
What is the greatest common factor of 416 and 5252?
52
What is the highest common divisor of 40 and 250?
10
What is the highest common divisor of 132 and 1650?
66
What is the highest common factor of 34124 and 152?
76
What is the greatest common divisor of 1398 and 78?
6
What is the greatest common factor of 759 and 207?
69
Calculate the greatest common factor of 336 and 2247.
21
What is the highest common divisor of 237 and 395?
79
Calculate the highest common divisor of 184 and 3404.
92
Calculate the highest common factor of 847 and 66.
11
What is the greatest common divisor of 12964 and 28?
28
Calculate the highest common divisor of 15 and 390.
15
Calculate the highest common factor of 3411 and 36.
9
What is the highest common divisor of 1375 and 55?
55
What is the highest common divisor of 16 and 208?
16
Calculate the highest common divisor of 169 and 39.
13
Calculate the greatest common divisor of 2040 and 720.
120
Calculate the greatest common divisor of 736 and 4232.
184
Calculate the greatest common divisor of 415 and 166.
83
What is the highest common divisor of 16 and 108?
4
What is the greatest common factor of 5269 and 44?
11
What is the greatest common divisor of 1782 and 154?
22
What is the highest common factor of 74 and 9472?
74
What is 